9 - (10 - (5 + (4 - 4))).
4
Calculate -4 - -2 - -7 - 4.
1
Calculate 2 + -3 + 4 + -6 + 3.
0
Calculate -6 + 4 + -4 + 3.
-3
Calculate 0 + 9 + 3 + (1 - 6).
7
Evaluate 1 + 0 + (-1 - 1) - -2.
1
What is 6 + -5 - (4 - (-4 - -13))?
6
What is (10 - 10 - 0) + -4?
-4
What is -6 - (-6 - (10 - 17))?
-7
What is the value of -4 - ((0 - -1) + 1)?
-6
What is the value of -5 - (-2 + (4 - 2 - 0))?
-5
Calculate -3 + (6 + 10 - 7).
6
-1 - 0 - (0 - 6)
5
Evaluate -1 - (-2 + 2 - (-1 - 0)).
-2
What is 14 - 7 - -7 - 7?
7
What is -10 + (9 - 15) + 10?
-6
What is the value of 4 + 2 + (1 - 1) - 2?
4
-4 + (0 - -9) + -3
2
(-2 - 3) + (3 - 3)
-5
What is 2 - (2 + 0 + -2)?
2
Evaluate 16 - (-11 - -17 - -6).
4
What is 3 - -1 - (-2 + 2 + 9)?
-5
Calculate -5 + (6 - -3) + 1 + 0.
5
Calculate 34 - 37 - (1 - -1).
-5
Calculate -6 + 19 + (-34 - -14).
-7
Evaluate 4 - (5 + -5 - 5) - 5.
4
2 - (-2 + 0 + 3)
1
-4 + -2 + 2 + 4 + -5
-5
What is the value of 5 - (3 + 4) - -1?
-1
Evaluate -3 + -1 + (0 - (2 + -3)).
-3
Calculate (0 - -11) + -1 - 2 - 12.
-4
0 - -3 - -3 - 4
2
What is the value of -10 + 9 + 7 + (-14 - -2)?
-6
Evaluate 55 + -44 - (15 + -1).
-3
What is 7 - (2 - (-9 - -6) - -8)?
-6
What is the value of -1 + (4 - 1 - 3 - 0)?
-1
What is the value of 9 - (1 - -10 - (-4 + 8))?
2
Evaluate 17 + -9 - 6 - (1 + 3).
-2
Calculate (7 - 3) + 1 + -6.
-1
Calculate 3 + (5 + 0 - (1 - -4)).
3
What is the value of -6 - -10 - (0 + 3)?
1
What is (-1 - -3 - 3) + 9 + -7?
1
Evaluate 2 + -5 + 2 + -4.
-5
3 + -3 - (2 - 6)
4
-1 + -2 - (13 + -7 - 10)
1
What is (8 - 3) + -13 + -4 + 4?
-8
What is 11 - 0 - (66 - 59)?
4
Calculate 1 + -1 - 4 - -1.
-3
What is 10 + -3 - -11 - 9?
9
What is the value of 1 + 2 + -6 + -1 - -2?
-2
What is 4 + (8 - 6) - 4?
2
(1 - (-1 + -1)) + -2 + 2
3
Calculate (1 - 1) + (7 - (-1 + 1)).
7
What is 0 + (1 - 3) - (24 - 30)?
4
Calculate -84 + 90 - ((0 - -2) + 1).
3
What is the value of -1 + 0 + 5 + -2 - 7?
-5
What is -3 + -6 + (6 - 3) - -2?
-4
What is the value of 3 - (-6 - -7 - 3 - 1)?
6
What is the value of (1 - (0 - -2)) + 0 + -4?
-5
-5 + (10 - 6) - (1 + -4)
2
-2 - (17 + -15 - (3 + 1))
0
Calculate -1 - -4 - (0 - 0).
3
What is the value of (2 - (6 - 4)) + -2?
-2
Evaluate (-4 - -2) + (-1 - -1).
-2
What is the value of (-5 - (12 + -26)) + (0 - 20)?
-11
What is the value of 5 - ((3 - -1) + 5)?
-4
What is the value of 9 + -5 + 2 + 2 + -2?
6
Calculate -2 - (-4 + 1 + -3).
4
Calculate 10 - (8 + -8 - -2) - 2.
6
What is the value of 5 + (-6 + 1 - -1)?
1
What is -1 + -3 + (1 - (-1 - 3))?
1
Evaluate 5 - 1 - -2 - (77 - 73).
2
Evaluate (33 - 20) + (2 - (8 - 0)).
7
Evaluate -6 + -3 + 1 + 3.
-5
(-3 - -7) + -5 - -4
3
Evaluate 4 + -1 + (1 - 3).
1
Calculate 4 + -1 - (63 - 54).
-6
Calculate -2 - (2 + -1) - (-12 + 12).
-3
What is the value of (-2 - -5) + -7 + 4?
0
What is (3 - -3) + -10 + 10 + -12?
-6
What is the value of -1 + 0 + -1 + 1 - 3?
-4
Evaluate (8 - (5 + -1)) + -5.
-1
Evaluate 4 + -7 + 4 + 3.
4
What is (10 - (4 - -8)) + 7?
5
Evaluate 7 - ((-5 - -3 - -7) + 1).
1
(0 + 1 - 8) + -59 + 60
-6
Calculate -24 + 22 - (-1 + -5).
4
What is (12 - (12 - 0)) + -1?
-1
Calculate 5 + -9 - (-3 - 3 - 3).
5
(-1 - 13) + 8 + 5
-1
Evaluate (13 - (-2 + 5)) + -6.
4
What is -11 - (0 + -4 + -3)?
-4
Calculate -2 - -4 - ((-3 - -8) + 0).
-3
Calculate -4 + 2 + (1 - -2).
1
Calculate -1 - ((-1 + 9 - 17) + 6).
2
Calculate -7 + 20 + -18 + 14.
9
Calculate 3 + -3 + 2 + 6 + -11.
-3
Evaluate (-1 + -2 - (-1 - -2)) + 6.
2
Calculate 1 - 6 - (6 + (4 - 15)).
0
(4 - 9) + 7 - 0
2
Calculate -12 + 8 + (-8 - -8).
-4
Evaluate (3 - 1) + -2 + 5.
5
-4 + (2 + 0 - 6 - -5)
-3
Evaluate 2 - (-1 + (-4 - -5)).
2
3 + (1 - (2 - (-1 + 4)))
5
Calculate -1 - (-4 + 5 + 1 + 1).
-4
Calculate 0 + (-4 - -12 - 6).
2
0 + 4 - -5 - 7
2
What is the value of (-10 - (0 - 5)) + (1 - -7)?
3
Calculate -7 - (-8 + 7) - -6.
0
What is the value of 3 + (-14 - (-12 - -7) - -3)?
-3
Calculate -12 - -4 - -4 - -3.
-1
What is the value of -11 + (-11 - -13) - (-4 - 0)?
-5
What is 3 - 0 - 4 - 0?
-1
What is the value of 0 + (-1 - -3 - 0)?
2
-6 + -1 + (8 - 6)
-5
What is -4 + ((-7 - -2) + 4 - 0)?
-5
What is the value of -6 + (3 - -1) + -2?
-4
What is -126 - -126 - (0 - -4 - 1)?
-3
3 + (-7 - (-2 + -6))
4
Evaluate -2 + 2 - (-2 + 1).
1
Evaluate -10 + -1 + 4 + 3.
-4
Calculate -2 - ((-5 + 8 - 5) + 2).
-2
What is the value of (0 + -1 - 2) + -2 + 0?
-5
What is the value of -3 + 3 - (-5 - (-12 + 5))?
-2
What is -2 + 1 + (-2 - -6) + -10?
-7
Calculate 3 + -4 + 4 - 5 - -4.
2
-3 + ((5 - 9) + 12 - 2)
3
(-13 - (-4 + 1) - 0) + 5
-5
2 + (1 - -5) - 6 - 3
-1
Calculate 5 + (6 - (5 + 2)).
4
What is the value of 3 - (7 - 3 - 4)?
3
(-3 - -2) + -1 - 2
-4
What is -1 - -6 - (1 + 4 + -2)?
2
What is the value of -3 + 0 + 8 - (4 + -1)?
2
What is the value of -2 + -3 - -2 - (52 - 50)?
-5
What is the value of -64 + 62 - (-4 - (0 - 1))?
1
-10 + 7 + -2 + (4 - 3)
-4
Evaluate -4 - -9 - (-12 - -7 - -3).
7
Evaluate -2 - 3 - (-2 + -3).
0
Calculate -4 - 1 - 5 - -7.
-3
What is 176 + -184 - (1 + -9)?
0
What is the value of 1 - (-1 - (2 - 4))?
0
What is -5 + (1 + -3 - -6)?
-1
What is the value of 20 - 10 - (-1 - -14)?
-3
What is -3 + (2 - 0) + (-5 - -3)?
-3
Evaluate 2 + -5 + 2 - (-2 + 4).
-3
What is 2 - (0 - 4) - 3?
3
What is -19 + 12 + 15 + -3?
5
4 - (-1 + (-7 - (-18 - -6)))
0
Calculate (10 - 2 - -2) + -5.
5
Evaluate 0 + (9 + -5 - (-5 - -7)).
2
(79 - 75) + 1 + -8 + 0
-3
Calculate 25 - 22 - 12 - (0 + -1).
-8
What is the value of 7 + (-7 - (4 - 2))?
-2
What is the value of 1 + (2 + -7 - 0)?
-4
What is the value of 0 - (30 + -27 + (1 - 3))?
-1
What is 8 + 2 + -7 + 6 + -4?
5
Calculate (-23 - -24 - (0 - 4)) + 0.
5
Calculate 39 + -45 - (-6 - 0).
0
2 + 0 + 0 - (-5 - -11)
-4
-1 + 0 + 1 - (20 + -18)
-2
Evaluate (-1 - 1) + (-2 - -5 - 0).
1
What is 7 + (-1 - 8) + -9 + 14?
3
What is -1 - -4 - (-8 + 13)?
-2
What is the value of 5 + 4 + -12 + -1 + 0?
-4
Evaluate 1 - 3 - (-5 + 7 + -1).
-3
What is 5 + -5 + -3 + 4?
1
2 - (-4 - (0 - 3))
3
Evaluate -6 + 1 + 52 + -49 - -1.
-1
Calculate 9 + 0 - (-8 + 14).
3
Calculate 2 - (-2 + 3 - 4).
5
Calculate 16 + -24 - (0 + (-1 - -1)).
-8
Evaluate 1 + 15 + (8 - 15 - -1).
10
What is 3 - -3 - (0 - (-7 - -4))?
3
(0 - 4) + 8 - 2 - -4
6
Evaluate 68 + -72 - (-1 - 4).
1
(0 - 2) + (2 - 3) - -8
5
What is the value of (4 - 2 - 3) + 0 + -1?
-2
Calculate 5 + -5 + 9 + -4.
5
What is 0 + (4 - (16 - 6))?
-6
Calculate (1 + 5 - 11) + 5 + 8.
8
What is the value of -2 + -2 - (-3 + 2) - 0?
-3
What is 1 + -5 + 12 - 6?
2
Calculate 5 - ((4 - -1) + -9 + 12).
-3
What is 0 + 0 + 4 + -3?
1
What is 4 - (4 - 5 - -6)?
-1
What is -1 + (9 - 6) + 2?
4
Evaluate -4 + 6 + -5 + 1.
-2
What is the value of (20 - (20 + -8)) + (-7 - 1)?
0
Calculate -159 + 171 - (10 + 0).
2
What is the value of 3 - 3 - (5 - 2)?
-3
2 + (7 - 4) + -10 + 3
-2
Evaluate 7 + (-11 + 7 - 1).
2
What is the value of -2 + 2 - ((2 - 1) + 0)?
-1
Calculate 21 + -33 + (-2 - -4) - -5.
-5
Calculate (-16 - -10) + 0 + 5.
-1
-7 + 1 - (188 + -198)
4
Evaluate (-4 - 1) + (2 - 0).
-3
What is the value of 5 - 0 - (4 + -2) - 2?
1
What is the value of -2 - (-2 - -6) - 1 - -1?
-6
What is 1 + (1 - 5 - -2) - 3?
-4
What is the value of 1 + -9 - (-24 - (-7 + 0))?
9
3 - 2 - (2 + 3 + -2)
-2
What is (9 + -12 - -5) + -1?
1
What is the value of -1 + 0 - (6 + (11 - 10))?
-8
(0 - 2) + 0 + (-2 - 0)
-4
Calculate -7 + (-8 - -9) + 2 + -3.
-7
-2 + 1 + -6 + 3
-4
What is the value of (-35 - -40) + (-1 - -1)?
5
Evaluate -2 + 0 + 4 + (-4 - -3).
1
6 + -3 - (1 - 4 - -2)
4
Evaluate (0 - -1) + 8 + -10 + 7.
6
What is 2 + (-2 - -1) + 0?
1
Evaluate 3 - (2 + 0 + -3).
4
Evaluate -3 - ((-2 - 7) + -1).
7
Calculate (-10 - (1 + -4)) + -3 - -4.
-6
Calculate -7 + (1 - -3) - 4.
-7
What is -5 + -3 + 4 + -2 + 4?
-2
What is 8 + -5 + 5 + -5?
3
Calculate -9 + 10 + -3 - 4.
-6
-8 + (14 - 9) - -10
7
What is the value of -1 + 1 + -2 + (-4 - -2)?
-4
Calculate -16 + 21 - ((0 - -1) + 1).
3
What is -2 + -4 + 4 + -2?
-4
What is 10 + (-4 - -1) + -3 + 1?
5
What is 1 + 0 + 2 + -6 - -13?
10
-3 + (3 - (4 + -5)) - 5
-4
15 + -7 - (0 - (1 - 4))
5
What is the value of 4 + -11 - -3 - -10?
6
Calculate -3 + (-1 - (-3 - -1)) + -1.
-3
Evaluate 5 - -1 - (8 - 0).
-2
Evaluate (0 - -7) + 17 + -28.
-4
What is -1 + 13 + -6 - (3 - 1)?
4
Evaluate (0 - 4) + 12 - (2 + 2).
4
What is the value of (-2 - 12) + (-106 - -119)?
-1
What is the value of 14 - 10 - (2 + 1 + 4)?
-3
Evaluate -2 +